*2 + 0*n**2. Determine y(-3).
-15
Let c(i) = -2*i**2 + i + 1. Let l(m) = m**3 + 10*m**2 + 10*m + 12. Let o be l(-9). Suppose -18*a = -21*a - o. Calculate c(a).
-2
Let o(j) = 72*j - 8. Let t(p) = -35*p + 4. Let z(s) = -3*o(s) - 5*t(s). Give z(-1).
45
Suppose -4*k + 2*t = -2*k - 6, 3*t + 12 = 0. Let d(z) = -12*z**3 - 2*z**2 - 3*z - 2. Determine d(k).
11
Let u = -623 - -679. Let y be 9/27 - 3/((-36)/u). Let t(a) = 3*a - 2. What is t(y)?
13
Let r(k) = -k - 2. Suppose 0 = 4*o + 4*a - 468, 0 = 6*a - 3*a - 12. Suppose 19*l + 39 = -o. Give r(l).
6
Let b = 264 + -258. Suppose 4*c + b*p - 2*p + 40 = 0, 3*c = 4*p + 5. Let j(q) be the second derivative of -q**4/12 - 7*q**3/6 + q**2 - q. Determine j(c).
12
Let x(d) = d**3 - 23*d**2 - 30*d + 142. Let t be x(24). Let c(b) = -2*b - 12. Let j(p) = -p - 7. Let g(v) = -3*c(v) + 5*j(v). Determine g(t).
-1
Suppose 12*g - 667 = -583. Let n(y) be the first derivative of 5/2*y**2 + g*y - 22 - 1/3*y**3. What is n(5)?
7
Let n(b) = -5*b - 45*b + 2 + 54*b - 2*b. Calculate n(0).
2
Let n(z) = 3*z - 5 - 5*z + 0*z - 5. Let t(y) = -y**3 - 29*y**2 + 91*y - 152. Let b be t(-32). Calculate n(b).
-26
Let r(u) = -6*u**2 + 3*u**2 + 10 - 4 + 2*u**2 - 5*u. Suppose 4*v - 3*v + 98 = -x, -v + 3*x - 98 = 0. Let d be v/21*3/2. Calculate r(d).
-8
Let y = 185 + -147. Suppose -y = 15*a - 203. Let d(i) = 2*i + 6. What is d(a)?
28
Let h = 35 - 29. Suppose 2*k + 5*p = 15 - h, 4 = 4*p. Let c be ((-3)/(-1) - k) + 3. Let j(s) = 2*s - 6. What is j(c)?
2
Let b(w) = -w**2 + 3*w - 8. Suppose -28*a = -26*a + 2*s - 20, -2*s = -5*a + 57. Calculate b(a).
-96
Let q be ((-4)/(-6))/(1/9). Suppose 0 = -3*y + q + 9. Let o(t) be the second derivative of t**5/20 - 5*t**4/12 + 3*t**2 - 29*t. Calculate o(y).
6
Let h(w) = -3*w**2 + 8*w + 18. Let a = 13909 + -13911. Determine h(a).
-10
Let i be (-10)/(-40) - (-852)/48. Let r(l) be the second derivative of -i*l - 1/6*l**3 + 0 - 5*l**2. Give r(-9).
-1
Suppose -u - 56 = 4*a - 73, -4*u + 17 = -a. Let r(y) = -1 + 2*y - 8*y**3 - 7*y**3 + 16*y**a - 37*y**2 + 43*y**2. Let l = -18 - -12. Calculate r(l).
-13
Suppose 70*q = -47 - 793. Let v(i) = -i**3 - 12*i**2 - 2*i - 12. What is v(q)?
12
Let q(a) = -2*a - 1 - 1 + 4 + 10*a. Let f be q(-5). Let w = f - -35. Let z(h) = 5*h + 1. What is z(w)?
-14
Suppose 52*p - 15 = 47*p. Let i be 0/(p*(-2)/(-3)). Let t(f) be the second derivative of f**3/6 + 4*f. Determine t(i).
0
Let a(p) = -p**2 + 109*p + 338. Let s be a(-3). Let t(z) = -4*z**3 + z**2 - z. Give t(s).
-30
Suppose 2108 = 408*v + 7004. Let d(g) = g**3 + 10*g**2 - 22*g + 26. Determine d(v).
2
Let p(l) = l**3 - 8*l**2 - 9*l + 13. Let q be p(9). Suppose 3*a - 31 + q = 0. Let w(k) = 4 - k**2 + 4*k**2 - 4*k**2 + 6*k + 0*k**2 + 0*k**2. Determine w(a).
4
Suppose -8223 + 2313 = 197*c. Let x(k) = k**3 + 29*k**2 - 29*k - 35. What is x(c)?
-65
Let y = 132 - 125. Let d(u) = y*u - u - 18 + 8 - u**2 + 15. Determine d(5).
10
Let x be 5*(4/(-2) - -1). Let s(a) = a**3 - a**2 + 8*a + 4. Let l be s(0). Let h(d) = 3*d - 7*d + 8*d + l. Give h(x).
-16
Let r(s) = -992*s - 3 + 2990*s - 1013*s - 1009*s. What is r(2)?
-51
Let a(g) = -g - 5. Let p = 27 + -87. Let w = -67 - p. Give a(w).
2
Let j(z) be the third derivative of -z**4/12 + 14*z**3/3 - z**2. Let u = -172222 + 172236. Calculate j(u).
0
Let u(h) = -h - 1. Let m = 82 + -75. Suppose -2*d + 27 = m*d. Determine u(d).
-4
Let p(t) = -10*t**2 - 18*t - 6. Let c(y) = 7*y**2 + 11*y + 3. Let b(a) = 7*c(a) + 5*p(a). Calculate b(-10).
21
Let j(x) = 13*x**2 + 6*x - 5. Let n(i) = -i - 2 + 0*i + 24*i**2 - 9*i**2 - 3 + 6*i. Let r(k) = -7*j(k) + 6*n(k). Determine r(-12).
5
Let o(x) = -x - 1. Let q(c) = 4*c - 24. Let l(h) = -6*o(h) - q(h). Calculate l(-15).
0
Let t(x) be the first derivative of 10*x**2 - 10*x + 5219. What is t(5)?
90
Let w(l) = -2*l**2 - l - 1. Let y(u) be the third derivative of u**4/12 + 5*u**3/2 + 10*u**2 + 1. Let b be y(-8). Calculate w(b).
-2
Let l(w) = w**2 - 10*w - 36. Let g = 16595 + -16580. What is l(g)?
39
Let w(h) = -5*h + 1. Let v be (6 - 85/10)*(-18 + 0). Let f be 25*((-99)/v)/11. Give w(f).
26
Let q(z) = z**3 - 6*z**2 + 7*z - 4. Let k = 15 + -41. Let y = 22 + -43. Let l = y - k. Calculate q(l).
6
Let l(u) be the first derivative of 8*u**2 + 66*u - 970. Determine l(-4).
2
Let o(q) = 3*q**3 + 18*q**2 - 2*q - 5. Let t be o(-6). Let i(k) = 14*k + 12. Let j(y) = 5*y + 4. Let b(g) = t*j(g) - 2*i(g). Calculate b(-5).
-31
Let g(k) be the second derivative of -k**4/12 + 10*k**3/3 - 8*k**2 + 570*k. What is g(19)?
3
Let a(r) be the third derivative of r**4/24 + 7*r**3/6 - r**2. Suppose 44 = -8*t - 34 + 22. Determine a(t).
0
Let h(i) be the third derivative of -i**5/60 + 7*i**3/3 - 140*i**2. Calculate h(5).
-11
Suppose -22*v = -27*v + 30. Let q(g) = 0 + 3*g - 8*g**2 + g**3 + 1 - v + g**2. Suppose -3*f + 25 = 4. Calculate q(f).
16
Let b(h) = -h**2 - 11*h + 22. Suppose 18*m + 585 = -47*m. Give b(m).
40
Suppose 0 = -17*q + 20*q - 147. Let i(s) = -q + 2*s - 47 + 106. Determine i(-8).
-6
Let w(t) = 1 + 402*t - 133*t + 0 - 128*t - 139*t + 10*t**2. Calculate w(-1).
9
Let q(l) = -29*l**2 + 6*l + 4. Let z(n) = 58*n**2 - 10*n - 7. Let m(u) = -5*q(u) - 3*z(u). Determine m(-1).
-28
Suppose 2*r + 5*g = -5 + 20, 5*r + g + 20 = 0. Let t(w) be the first derivative of -2/3*w**3 + 4*w - 2*w**2 - 11. Give t(r).
-26
Let g(n) = 4*n - 29. Let c(o) = o**3 + 10*o**2 + 25*o + 8. Let y(l) = -4*l**3 - 32*l**2 - 75*l - 23. Let u(w) = -7*c(w) - 2*y(w). Let b be u(9). Determine g(b).
3
Let s(j) = j**3 - 16*j**2 + 18*j - 41. Let a(g) = 4*g**2 - 455*g + 799. Let y be a(112). Calculate s(y).
4
Let r(f) = f + 17. Let m(v) = -v - 13. Let a(j) = 4*m(j) + 3*r(j). What is a(-4)?
3
Let q(o) = -10*o**3 - 18*o**2 + 28*o - 5. Let s(y) = 9*y + 1 + 8 - 4*y**2 - 11 - 3*y**3 - 2*y**2. Let d(k) = -2*q(k) + 7*s(k). Give d(-7).
-4
Let v be -1 + 0 + -1 + 1. Let s(m) be the first derivative of 15 + 0*m + 5/2*m**2. Give s(v).
-5
Let h = 60 - 37. Let n = h - 17. Let o be 2/n - (-2)/3. Let r(c) = 7*c**2 - 1. Determine r(o).
6
Let y(u) = u**2 - 3*u + 4. Suppose 282 + 284 = 51*o + 158. Calculate y(o).
44
Let x = -13871 + 13869. Let y(v) = 6*v**3 - 2*v**2 + v + 5. What is y(x)?
-53
Let b(h) = 4*h. Let t(c) = -5*c. Let d(y) = -4*b(y) - 3*t(y). Suppose -4*g = 6*u - 2*u + 12, 0 = 8*u - g - 39. Calculate d(u).
-4
Let k(j) = j**2 - j - 93. Let a = 3054 + -3054. Calculate k(a).
-93
Let w(m) be the third derivative of m**6/360 - m**5/20 - m**4/3 + 5*m**3/2 - m**2 - 14. Let y(h) be the first derivative of w(h). Determine y(6).
-8
Let b(l) be the first derivative of l**3/3 - 4*l + 307. Suppose 4*w = -6 + 22. Suppose -5*s + 8 = -0*s + w*p, 5*s + 2*p - 14 = 0. Give b(s).
12
Suppose -12 + 2 = r. Let j(g) = 19108*g - 57348*g + 19115*g - g**2 + 19115*g. Give j(r).
0
Let p(o) = -o + 1. Let k(i) = 5*i + 47. Let s(m) = 1. Let j(y) = -k(y) + 2*s(y). Let t be j(-10). Suppose 4*r + 5*g = 5, -t*g + 10 = 2*r - 5. Determine p(r).
6
Let b(r) = 2*r + 13*r + 25 + 8 - 21 - 45 - r**2. Calculate b(11).
11
Let f(n) = -11 - 12 - 9*n - n**2 - 12 + 0 + 22. Give f(-9).
-13
Let h(d) = -3*d - 3. Let i(v) = 0 + 335*v - 331*v + 6 - 1. Let s(j) = 7*h(j) + 5*i(j). Determine s(4).
0
Let j(f) = f - 1. Suppose 3*h = -9*h - 1092. Let c = h - -92. Let a be (-7 + -2)/3 + 11 - c. Give j(a).
6
Let w = -1 + 1. Let o(i) = i**2 + 55 + i + 67 - 122. Calculate o(w).
0
Let x(k) = -20*k**2 - 5*k - 47. Let i(m) = -9*m**2 - 2*m - 22. Let r(j) = 11*i(j) - 5*x(j). Suppose 16 = -4*s + 10*l - 12*l, 3*s - l = -17. What is r(s)?
3
Let p(w) = -34*w + 232. Let g be (-9 + 14 - (-2 - -6))/(1/7). Determine p(g).
-6
Suppose 2*i - 428 + 442 = 2*q, 2*q - 20 = 4*i. Let y(w) = w**2 + 3*w - 11. What is y(q)?
17
Let x(p) be the second derivative of -1/2*p**2 - 1/6*p**4 + 0 + 75*p - 1/2*p**3. Give x(3).
-28
Let o = 2 + -5. Let u = 140 + -137. Let p(k) = 3*k - 79 + 152 - 76 - k**u. Give p(o).
15
Suppose 0 = -5*t + 2*t + 21. Suppose -13 - t = -4*o. Let n be o + 37/(-7) - 40/7. Let w(s) = s + 7. Determine w(n).
1
Let w(t) = t**2 + 4*t - 4. Let z(c) = 5*c**2 + c - 3. Let n be z(-2). Suppose -3*r + 1 = 4*s + n, 0 = -3*s + 2*r - 19. Determine w(s).
1
Let u(x) = 9*x + 10 + 1685*x**2 - 1686*x**2 + x - x - 19. Let l be 4/10 - (-96)/10. Determine u(l).
-19
Let q(y) = 5*y**3 + y**2 - y - 3. Suppose 4*g - c + 9 = 6, -8 = 3*g + 5*c. C